{"id":47,"date":"2025-02-04T14:35:48","date_gmt":"2025-02-04T13:35:48","guid":{"rendered":"https:\/\/govisions.fr\/?page_id=47"},"modified":"2026-03-25T11:54:03","modified_gmt":"2026-03-25T10:54:03","slug":"mentions-legales","status":"publish","type":"page","link":"https:\/\/govisions.fr\/?page_id=47","title":{"rendered":"Mentions l\u00e9gales"},"content":{"rendered":"\n<h1 class=\"wp-block-heading\"><\/h1>\n\n\n\n<p><strong>GOVISIONS Gilles ORCEL EI<\/strong><\/p>\n\n\n\n<p>16, chemin du Favier &#8211; 01800 Meximieux<\/p>\n\n\n\n<p>Siret: 991 326 588 00019 &#8211; Code APE 7420Z<\/p>\n\n\n\n<p>Notre service client\u00e8le est \u00e0 votre disposition du lundi au vendredi de 9h00 \u00e0 18h00<\/p>\n\n\n\n<p><a href=\"mailto:contact@goconcepts.fr\" target=\"_blank\" rel=\"noreferrer noopener\">gillesorcel@orange.fr<\/a><\/p>\n\n\n\n<h2 class=\"wp-block-heading\"><strong>CONDITIONS D\u2019UTILISATION<\/strong><\/h2>\n\n\n\n<p>L\u2019utilisateur du site reconna\u00eet avoir pris connaissance des pr\u00e9sentes mentions l\u00e9gales et s\u2019engage \u00e0 les respecter.<\/p>\n\n\n\n<p>Pour des raisons de maintenance ou d\u2019autres difficult\u00e9s informatiques et\/ou techniques, l\u2019Editeur concern\u00e9 pourra interrompre l\u2019acc\u00e8s \u00e0 son site et ne saurait \u00eatre tenu responsable de ce fait.<\/p>\n\n\n\n<p>L\u2019utilisateur s\u2019engage \u00e0 ne pas utiliser les espaces de communication pour tenir des propos illicites ou sans rapport avec la finalit\u00e9 du service propos\u00e9 par le site.<\/p>\n\n\n\n<h2 class=\"wp-block-heading\"><strong>PROPRI\u00c9T\u00c9 INTELLECTUELLE<\/strong><\/h2>\n\n\n\n<p><br>L\u2019\u00c9diteur b\u00e9n\u00e9ficie de l\u2019ensemble des droits et autorisations relatifs aux contenus et images diffus\u00e9s sur leur(s) site(s).<\/p>\n\n\n\n<p>Les droits de propri\u00e9t\u00e9 intellectuelle relatifs aux sites restent leur propri\u00e9t\u00e9 exclusive. L\u2019ensemble des contenus (textes, vid\u00e9os, noms de domaines, marques, logos, photographies, etc.), figurant sur les pages de sites susmentionn\u00e9s sont la propri\u00e9t\u00e9 exclusive de l\u2019\u00c9diteur.<\/p>\n\n\n\n<p>Toute extraction ou exploitation non autoris\u00e9e, en tout ou partie, de ces contenus constituerait une violation des droits de l\u2019\u00c9diteur concern\u00e9 susceptible d\u2019engager la responsabilit\u00e9 civile et p\u00e9nale de l\u2019utilisateur fautif.<\/p>\n\n\n\n<h2 class=\"wp-block-heading\"><strong>DONN\u00c9ES PERSONNELLES<\/strong><\/h2>\n\n\n\n<p><br>Pour toute information relative aux traitements de donn\u00e9es \u00e0 caract\u00e8re personnel, nous vous invitons \u00e0 consulter notre&nbsp;<a href=\"https:\/\/www.goconcepts.fr\/politique-de-confidentialite\/\">Politique de confidentialit\u00e9<\/a><\/p>\n\n\n\n<h2 class=\"wp-block-heading\"><strong>LIENS HYPERTEXTES<\/strong><\/h2>\n\n\n\n<p><br>Les sites susmentionn\u00e9s peuvent proposer des liens vers des sites tiers qui sont, sauf mention contraire, ind\u00e9pendants des \u00c9diteurs. Ces liens ne constituent, en aucun cas, une approbation ou un partenariat entre l\u2019\u00c9diteur et ces sites tiers.<\/p>\n\n\n\n<p>D\u00e8s lors, l\u2019\u00c9diteur ne saurait \u00eatre responsable des contenus, produits, publicit\u00e9s, impr\u00e9cision, inexactitude, erreur, omission ou tous \u00e9l\u00e9ments ou services pr\u00e9sent\u00e9s sur des sites tiers.<\/p>\n\n\n\n<p>Tout lien hypertexte, de quelque nature qu\u2019il soit, permettant d\u2019acc\u00e9der \u00e0 l\u2019un des sites susmentionn\u00e9s ou \u00e0 l\u2019une quelconque de ses pages ou de ses \u00e9l\u00e9ments, n\u00e9cessite une autorisation pr\u00e9alable et \u00e9crite de l\u2019\u00c9diteur concern\u00e9.<\/p>\n\n\n\n<p>En aucun cas les pages des sites susmentionn\u00e9s ne doivent se trouver imbriqu\u00e9es \u00e0 l\u2019int\u00e9rieur des pages d\u2019un autre site. Tout lien hypertexte autoris\u00e9 doit indiquer clairement \u00e0 l\u2019utilisateur qu\u2019il acc\u00e8de de cette fa\u00e7on au site concern\u00e9.<\/p>\n\n\n\n<p>En tout \u00e9tat de cause, l\u2019\u00c9diteur concern\u00e9 n\u2019est en rien responsable des liens qui sont fait vers son site.<\/p>\n\n\n\n<h2 class=\"wp-block-heading\"><strong>RESPONSABILIT\u00c9<\/strong><\/h2>\n\n\n\n<p><br>L\u2019ensemble des photographies, documents illustrant les prestations propos\u00e9es ainsi que les informations contenues sur les sites susmentionn\u00e9s ne sont pas contractuelles et ne sauraient engager la responsabilit\u00e9 de l\u2019\u00c9diteur concern\u00e9. De m\u00eame, les \u00c9diteurs concern\u00e9s d\u00e9clinent toute responsabilit\u00e9 quant \u00e0 l\u2019interpr\u00e9tation des informations contenues sur son site.<\/p>\n\n\n\n<p>Les \u00c9diteurs des sites susmentionn\u00e9s d\u00e9clinent toute responsabilit\u00e9 en cas de dommages subis par l\u2019utilisateur \u00e0 raison notamment de la perte, de la d\u00e9t\u00e9rioration ou de l\u2019alt\u00e9ration de fichiers, de la transmission de virus qui pourraient infecter son \u00e9quipement informatique ou tout autre bien \u00e0 l\u2019occasion de la connexion et\/ou de la consultation et\/ou de l\u2019utilisation du site.<\/p>\n\n\n\n<p>Les \u00c9diteurs des sites susmentionn\u00e9s ne sauraient \u00e9galement \u00eatre tenus responsables de tous dommages, directs et\/ou indirects, quelles qu\u2019en soient les causes, origines, nature ou cons\u00e9quences, provoqu\u00e9s \u00e0 raison de l\u2019acc\u00e8s de quiconque au site ou de l\u2019impossibilit\u00e9 d\u2019y acc\u00e9der.<\/p>\n\n\n\n<h2 class=\"wp-block-heading\"><strong>MODIFICATION DE MENTIONS L\u00c9GALES<\/strong><\/h2>\n\n\n\n<p><br>Les pr\u00e9sentes Mentions L\u00e9gales \u00e9tant susceptibles d\u2019\u00eatre modifi\u00e9es ou compl\u00e9t\u00e9es \u00e0 tout moment, les utilisateurs sont invit\u00e9s \u00e0 les consulter de mani\u00e8re r\u00e9guli\u00e8re.<\/p>\n","protected":false},"excerpt":{"rendered":"<p>GOVISIONS Gilles ORCEL EI 16, chemin du Favier &#8211; 01800 Meximieux Siret: 991 326 588 00019 &#8211; Code APE 7420Z Notre service client\u00e8le est \u00e0 votre disposition du lundi au vendredi de 9h00 \u00e0 18h00 gillesorcel@orange.fr CONDITIONS D\u2019UTILISATION L\u2019utilisateur du &hellip; <a href=\"https:\/\/govisions.fr\/?page_id=47\">Continuer la lecture <span class=\"meta-nav\">&rarr;<\/span><\/a><\/p>\n","protected":false},"author":1,"featured_media":0,"parent":0,"menu_order":0,"comment_status":"closed","ping_status":"closed","template":"","meta":{"footnotes":""},"class_list":["post-47","page","type-page","status-publish","hentry"],"_links":{"self":[{"href":"https:\/\/govisions.fr\/index.php?rest_route=\/wp\/v2\/pages\/47","targetHints":{"allow":["GET"]}}],"collection":[{"href":"https:\/\/govisions.fr\/index.php?rest_route=\/wp\/v2\/pages"}],"about":[{"href":"https:\/\/govisions.fr\/index.php?rest_route=\/wp\/v2\/types\/page"}],"author":[{"embeddable":true,"href":"https:\/\/govisions.fr\/index.php?rest_route=\/wp\/v2\/users\/1"}],"replies":[{"embeddable":true,"href":"https:\/\/govisions.fr\/index.php?rest_route=%2Fwp%2Fv2%2Fcomments&post=47"}],"version-history":[{"count":4,"href":"https:\/\/govisions.fr\/index.php?rest_route=\/wp\/v2\/pages\/47\/revisions"}],"predecessor-version":[{"id":305,"href":"https:\/\/govisions.fr\/index.php?rest_route=\/wp\/v2\/pages\/47\/revisions\/305"}],"wp:attachment":[{"href":"https:\/\/govisions.fr\/index.php?rest_route=%2Fwp%2Fv2%2Fmedia&parent=47"}],"curies":[{"name":"wp","href":"https:\/\/api.w.org\/{rel}","templated":true}]}}