{"id":33,"date":"2025-02-04T14:29:26","date_gmt":"2025-02-04T13:29:26","guid":{"rendered":"https:\/\/govisions.fr\/?page_id=33"},"modified":"2025-02-04T15:59:18","modified_gmt":"2025-02-04T14:59:18","slug":"inspection-thermographiques-des-batiments","status":"publish","type":"page","link":"https:\/\/govisions.fr\/?page_id=33","title":{"rendered":"Inspection thermographiques des b\u00e2timents"},"content":{"rendered":"\n<p>L\u2019inspection thermique par drone permet un diagnostic thermique de b\u00e2timents ou sites industriels, ou la recherche d\u2019anomalies de fonctionnement sur les installations \u00e9lectriques.<\/p>\n\n\n\n<p>Les images infrarouges aident \u00e0 la d\u00e9tection d\u2019anomalies de temp\u00e9ratures sur les surfaces inspect\u00e9es mettant en \u00e9vidence, soit des probl\u00e8mes d\u2019isolation sur le b\u00e2ti et r\u00e9seaux de chaleur, soit des panneaux d\u00e9fectueux dans le cas de centrales photovolta\u00efques par exemple.<\/p>\n\n\n\n<p>L\u2019analyse approfondie des d\u00e9fauts potentiels, vous aide dans vos d\u00e9cisions en mati\u00e8re de maintenance et de r\u00e9paration de vos infrastructures, tout en r\u00e9duisant les co\u00fbts et les risques li\u00e9s aux inspections traditionnelles.<\/p>\n\n\n\n<figure class=\"wp-block-image size-full\"><img loading=\"lazy\" decoding=\"async\" width=\"235\" height=\"165\" src=\"https:\/\/govisions.fr\/wp-content\/uploads\/2025\/02\/thermographie-toit-maison.png\" alt=\"\" class=\"wp-image-89\"\/><\/figure>\n","protected":false},"excerpt":{"rendered":"<p>L\u2019inspection thermique par drone permet un diagnostic thermique de b\u00e2timents ou sites industriels, ou la recherche d\u2019anomalies de fonctionnement sur les installations \u00e9lectriques. Les images infrarouges aident \u00e0 la d\u00e9tection d\u2019anomalies de temp\u00e9ratures sur les surfaces inspect\u00e9es mettant en \u00e9vidence, &hellip; <a href=\"https:\/\/govisions.fr\/?page_id=33\">Continuer la lecture <span class=\"meta-nav\">&rarr;<\/span><\/a><\/p>\n","protected":false},"author":1,"featured_media":0,"parent":0,"menu_order":0,"comment_status":"closed","ping_status":"closed","template":"","meta":{"footnotes":""},"class_list":["post-33","page","type-page","status-publish","hentry"],"_links":{"self":[{"href":"https:\/\/govisions.fr\/index.php?rest_route=\/wp\/v2\/pages\/33","targetHints":{"allow":["GET"]}}],"collection":[{"href":"https:\/\/govisions.fr\/index.php?rest_route=\/wp\/v2\/pages"}],"about":[{"href":"https:\/\/govisions.fr\/index.php?rest_route=\/wp\/v2\/types\/page"}],"author":[{"embeddable":true,"href":"https:\/\/govisions.fr\/index.php?rest_route=\/wp\/v2\/users\/1"}],"replies":[{"embeddable":true,"href":"https:\/\/govisions.fr\/index.php?rest_route=%2Fwp%2Fv2%2Fcomments&post=33"}],"version-history":[{"count":3,"href":"https:\/\/govisions.fr\/index.php?rest_route=\/wp\/v2\/pages\/33\/revisions"}],"predecessor-version":[{"id":91,"href":"https:\/\/govisions.fr\/index.php?rest_route=\/wp\/v2\/pages\/33\/revisions\/91"}],"wp:attachment":[{"href":"https:\/\/govisions.fr\/index.php?rest_route=%2Fwp%2Fv2%2Fmedia&parent=33"}],"curies":[{"name":"wp","href":"https:\/\/api.w.org\/{rel}","templated":true}]}}